 -9177, 4*q = 2*j + 3*j + 36735. Suppose -3*r = -1668 + q. Let h be r/(-24) + 2/3. What is the highest common divisor of h and 21?
21
Suppose 36*b - 96004 - 16316 = 0. What is the greatest common divisor of 16 and b?
16
Let n(y) = 77*y**2 - 29 - 36*y**2 - 32*y**2 - 9*y - y**3. Let h be n(7). What is the highest common factor of 4 and h?
2
Let u = -3461 + 3648. Calculate the highest common factor of u and 143.
11
Let b be -3*5/(-30)*22. Suppose 3 = -2*q + b. Let d be 11 - (0 + q + -2). Calculate the highest common divisor of 99 and d.
9
Suppose 5*h + 3*z = 16685 - 1399, -3*h = 4*z - 9165. What is the greatest common divisor of h and 46?
23
Suppose -4*k + 8 = 0, -5*x = -5*k - 2598 - 167. Let v be ((-6)/(-5))/((-1)/x*-2). Calculate the highest common divisor of 37 and v.
37
Let r = -15216 - -15289. What is the greatest common divisor of r and 657?
73
Let t be 2/3*24*2. Let p(i) = -7*i + 63. Let n be p(9). Suppose 3*w = -x + 45, 70 = 4*w - n*w - 2*x. What is the greatest common factor of w and t?
16
Let t be (7*-3)/(296/(-6216)). What is the greatest common factor of t and 392?
49
Let j(i) = -i**3 + 26*i**2 - 47*i + 551. Let b be j(25). Calculate the highest common divisor of 243 and b.
1
Let s be (-6)/12*1/((-1)/(-4)). Let p be 18907/185 - s/20*-2. Calculate the greatest common factor of p and 51.
51
Let u = 4637 - 4367. Calculate the greatest common factor of u and 3645.
135
Suppose 17*n = 67*n - 150. Calculate the highest common divisor of n and 267.
3
Let j be 12*((-5)/(-15) - (-14)/6). Suppose 4*p = 2799 - 259. Suppose -4*d + p = a, 291 = 3*d - a - 194. What is the greatest common factor of j and d?
32
Suppose 74*n - 82*n = -104. Suppose -n*z = -5*z - 176. What is the highest common divisor of 407 and z?
11
Let b(f) = f**3 + 9*f**2 + 2*f - 10. Let x be b(-8). Let l = -30831 + 30964. Calculate the greatest common divisor of l and x.
19
Suppose 34*q = 3533 - 949. What is the highest common divisor of q and 6004?
76
Suppose 10*g - 14*g - 20 = 0, 0 = 5*d - g - 115. What is the greatest common divisor of 913 and d?
11
Let m be ((-3)/6)/((-39)/453726). Calculate the greatest common factor of m and 21.
21
Suppose 0 = 5*o + 5*w - 130, 204 = 3*o + 15*w + 54. What is the highest common divisor of o and 1915?
5
Suppose 6*l - 1023 = 3*l. Let i be (2 - 23)*68/102. Let f be ((-20)/10)/(i/217). Calculate the highest common factor of f and l.
31
Let x be (-45 + (1 - 0))*1940/80. Let m = -726 - x. Calculate the highest common factor of 11 and m.
11
Suppose 0 = 442*f - 459*f + 425. Calculate the highest common divisor of f and 26575.
25
Let t(q) = -2*q - 4. Let z be t(-4). Suppose z*a = -15*a + 10013. Calculate the greatest common factor of 31 and a.
31
Suppose 3*l + l = n + 3679, -4*l - 2*n + 3682 = 0. What is the highest common factor of l and 16?
8
Suppose 0 = -37*n - 1135 + 3022. Suppose z + 5*k = -0*z + 24, -4*z + 2*k + 30 = 0. What is the highest common divisor of n and z?
3
Suppose 12 = -7*a + 11*a. Suppose a = -2*c - c - 3*k, -c - 6 = -4*k. Let f be 166/(6 + -4) + c. Calculate the greatest common factor of 27 and f.
27
Let h = 7619 + -4339. What is the highest common divisor of 40 and h?
40
Suppose 35*f - 37*f = -5*t - 638, -3*f + 936 = -4*t. What is the highest common factor of 40 and f?
8
Suppose -u - 175 = -5*p, -3*p + 3*u + 85 = -8. Suppose -68*o + 73*o + 425 = 0. Let c be (5 - o/(-20))*16. Calculate the highest common factor of c and p.
12
Suppose -2*k - 6*q + 3*q = -9, -k = -2*q - 15. Let d = 47814 + -47481. Calculate the greatest common factor of k and d.
9
Suppose -4*p + 3 = -y + 30, -4*y = p - 57. Let c be ((-1738)/11)/((y/6)/5). Let u = c - -576. What is the greatest common divisor of 20 and u?
20
Let v(u) = -u**2 + 21*u - 27. Let y be v(20). Let k be (-2430)/(-14) - -3 - (-4)/y. Calculate the greatest common factor of 64 and k.
16
Let o = 1774 - 1653. Suppose 5*b = 2*b + 15. Suppose -b*v = 4*l - 67, 2*v = -3*v - 5*l + 70. Calculate the highest common divisor of o and v.
11
Let d = -35 - -51. Suppose 0 = 18*f - d*f - 72. Suppose 0 = -3*i - 31 + 112. What is the greatest common divisor of i and f?
9
Suppose -2*j + 13 = -4*s + 143, -3*s = -5*j - 304. Let q = 160 + -91. Let v = q + j. What is the greatest common divisor of 25 and v?
5
Let i(w) = -997*w + 1516. Let n be i(-2). Calculate the highest common divisor of 468 and n.
234
Let b(u) = -3*u**3 - 33*u**2 - 87*u + 33. Let q be b(-5). Let k = 457 + -313. What is the greatest common divisor of q and k?
18
Suppose -4*d + 0*l - 40 = l, 11 = -3*d + 4*l. Let c be (-2)/d - (-2580)/54. Suppose 21 - 39 = -3*m. What is the highest common factor of m and c?
6
Suppose 2*l - 260 = -5*p + 520, 4*p = -l + 624. Let b = p - 112. Calculate the greatest common divisor of 4 and b.
4
Let c = 8553 + -8405. Calculate the greatest common factor of 407 and c.
37
Suppose -3*y + 11 = 7*k - 6*k, -4*k + y = -18. Suppose 107 + 148 = k*a. Suppose -6*s + 2*s + 68 = 0. What is the highest common factor of s and a?
17
Suppose w - 1014 = -3*o, -4*o - 1245 - 1719 = -3*w. Calculate the highest common factor of 192 and w.
12
Suppose l - 3 = 5. Let d(w) be the first derivative of -w**4/4 - 2*w**3 - w**2 + 4*w - 50. Let x be d(-6). Calculate the highest common divisor of x and l.
8
Let p = 374 - 362. Let z be p/8*(-1400)/(-30). What is the highest common factor of 70 and z?
70
Suppose -9 = -3*k, 5*y + 5*k - 26 = 29. Let l = 8438 + -8374. What is the highest common factor of y and l?
8
Let f(b) = -7*b**3 - 18*b**2 - 33*b - 18. Let h be f(-5). What is the greatest common divisor of h and 198?
22
Let j be ((-40)/(-14) - 2)*7. Let r be (-2)/(-4)*(85*6 + 0). Let w = -201 + r. What is the highest common factor of j and w?
6
Let y(z) = 4*z**2 - 11*z + 39. Let s be y(8). What is the greatest common divisor of 27 and s?
9
Let h be -12 + -16 + 32 + 1*346. What is the greatest common factor of 4 and h?
2
Let u(d) = 41*d + 16. Let o be u(9). Suppose -2*r - 2*t = 159 - 583, 392 = 2*r + 6*t. What is the highest common factor of r and o?
55
Let v = 7481 + -6117. Calculate the highest common factor of v and 31.
31
Let f = 6295 - 6167. Calculate the highest common factor of 35584 and f.
128
Suppose -8*n - 120 = 12*n. Let z be ((-10)/n)/((-18)/(-324)). What is the greatest common factor of z and 12?
6
Suppose 5*m + 4*o - 706 - 266 = 0, o - 771 = -4*m. What is the highest common divisor of m and 30?
6
Suppose 59*a - 40*a = 35*a - 465648. What is the greatest common factor of a and 218?
109
Let i(v) = 70*v - 7. Let j be i(-1). Let r = j + 86. What is the highest common divisor of r and 3?
3
Suppose 3*d + u + 13 = 0, -3*d + 8 = -4*d - 4*u. Let t be -2 + (d - -7) + 27. Calculate the highest common divisor of t and 14.
14
Suppose -25 = -116*y + 6007. What is the greatest common factor of y and 26?
26
Suppose 138*m - 95*m - 78*m + 525 = 0. Let h(j) = -3*j - 1. Let d be h(-1). Calculate the highest common divisor of d and m.
1
Let l(t) = -12864*t + 77277. Let c be l(6). Let v(r) = 6*r**2 + 4*r - 1. Let x be v(-4). Let k = x + -48. Calculate the greatest common factor of c and k.
31
Suppose 3*r + 9 = -4*i, -4*i = -9*i - 2*r - 13. Let k(c) = 7*c**2 - 17. Let s be k(i). Calculate the greatest common divisor of s and 920.
46
Let g(k) = -7*k - 7. Let j be g(-3). Let t(r) = -10*r**3 - 8*r**2 + 6. Let i be t(7). Let x be i/(-270) - 4/30. Calculate the highest common divisor of x and j.
14
Let i be (-14)/(-6) + (-4)/(-6). Suppose 2*l - i*l + 180 = 0. Suppose 0 = -7*u - 6*u + 468. Calculate the greatest common divisor of l and u.
36
Suppose 0 = -5*s + 3*s + 4. Let n = 354 + -349. Let i be 184/s*(-8 + n + 5). What is the greatest common factor of 23 and i?
23
Suppose 34*z - 13468 = -3*z. Let k = 509 - z. Calculate the greatest common divisor of k and 58.
29
Suppose -280 = -m + 2*u, 710 + 410 = 4*m - 5*u. Calculate the greatest common divisor of 140 and m.
140
Suppose 130 + 299 = 33*k. Suppose 35 = 4*f - k. Calculate the highest common divisor of f and 12.
12
Let v = 1049 - 1050. Let f be (-6)/v + 3 + (-55)/11. Let a(x) = -x**3 + 2*x**2 + 5*x - 2. Let o be a(3). What is the highest common factor of o and f?
4
Let s be ((-16)/(-2))/(-4*6/(-612)*3). Calculate the greatest common factor of s and 164.
4
Let o be ((-24)/8 + -7)*-11. Calculate the greatest common fact